3?
3
Let j(i) = -1820*i - 201. What is the units digit of j(-11)?
9
Let o(i) = i**3 + 12*i**2 + 17*i + 29. Let f be o(-11). Let g = 153 - f. Let l = g + 88. What is the hundreds digit of l?
2
Suppose -961 = -2*y + 10*m - 7*m, -m + 1425 = 3*y. Let z = y - 114. What is the hundreds digit of z?
3
Let o(x) = 16*x**2 + 193*x - 11. What is the units digit of o(5)?
4
Suppose 3*a + 34295 = 8*a + 2*m, 2*m = -2*a + 13718. What is the thousands digit of a?
6
Let x(j) = -10 - 30 - 501*j - 601*j. What is the tens digit of x(-1)?
6
Let s be 12/3 + -2 + 129. Let f(r) = -s*r + 6 + 33*r - 50*r - 55*r. What is the units digit of f(-1)?
9
Suppose 2*y + 5*o - 13 = -44, 3*y - 1 = 2*o. Let t(r) = 36*r**2 - 6*r - 11. What is the hundreds digit of t(y)?
3
Let j = 27684 + -16439. What is the hundreds digit of j?
2
Let r(w) = w**3 - 6*w**2 - 2*w + 2. Let o be r(4). Let p = 35 + o. Let q(j) = 9*j**2 + 3*j + 6. What is the units digit of q(p)?
8
Let y be -1*(-57)/4*608/24. Let x(i) = 47*i - 6. Let q be x(-5). Let h = q + y. What is the hundreds digit of h?
1
Let l(t) = -30*t - 85. Let u be l(-3). Let o(i) = 2*i + i**3 + 2*i**2 + 3 + 6*i + 0*i**3. What is the tens digit of o(u)?
1
Suppose d - 2*h = 8510, -4*h - 208 = -188. What is the tens digit of d?
0
What is the units digit of 3203*4*((-6)/(-8) - (-1)/4)?
2
Let z be 3 + (-3)/(2 + 1). Suppose z*l = 6*l - 28. Suppose 0 = -l*b + 447 - 132. What is the units digit of b?
5
Let j(q) be the third derivative of -2*q**4/3 + 19*q**3 - 14*q**2 + 6. What is the units digit of j(7)?
2
Suppose 5*k - 830 = 5*g, 0*k - 3*k - 5*g = -466. Suppose k*n - 168*n = -1200. What is the hundreds digit of n?
2
Let h = 120 + -117. Suppose -706 = -2*q + h*f, -f = 16*q - 21*q + 1739. What is the tens digit of q?
4
Suppose 394*i - 138318 = 356*i + 1168084. What is the thousands digit of i?
4
Let l = 18381 - 15741. What is the tens digit of l?
4
Suppose 112*u + 94114 - 211504 = 802690. What is the units digit of u?
5
Suppose -2502 = -18*c - 16794. Let n = 1159 + c. What is the units digit of n?
5
Let k(t) = t**3 - 14*t**2 - 14*t - 10. Let l be k(15). Let a = -14 + l. Let g = a + 16. What is the units digit of g?
7
Let t(k) = -15*k**3 + k**2 + 5*k + 5. Let f(l) = 3*l - 20. Let d be f(6). Let n be t(d). Let h = -64 + n. What is the tens digit of h?
5
Suppose -4*j + 0*j - 4 = 0. Let x be 1/(2/(-6))*j. Suppose 26 = -x*n + 4*v + 207, n - 5*v - 53 = 0. What is the tens digit of n?
6
Suppose -23*y = -21*y + 14. Let u be 4 + y + 4 - -230. Let o = -164 + u. What is the tens digit of o?
6
Suppose 0 = -4*c + 12*c - 80. Let q be 12/c*(-70)/(-21). What is the units digit of -5 + q + -2 + 118?
5
Suppose 0 = -7*i + 9*i - 4. Let c(r) = -r**3 - 3*r**2 + 4*r - 3. Let t be c(i). Let x = 37 + t. What is the units digit of x?
2
Let q be (-2 - 13)*6/10. Let z(t) = -47*t + 64. What is the tens digit of z(q)?
8
Let z(q) = 37*q - 471. Let b(x) = -18*x + 236. Let n(r) = -5*b(r) - 2*z(r). What is the tens digit of n(39)?
8
Let y = -267 - -267. Suppose -2*h + 2 + 1142 = y. What is the units digit of h?
2
Suppose -6*u + 4*b = -321548, 87*b = 90*b - 12. What is the thousands digit of u?
3
Suppose 2288 = 3*b - 5*i, 14*b - 3822 = 9*b + 4*i. Suppose b = 2*p - 0. What is the units digit of p?
3
Suppose 4*b - 5799 = -4*l + 43953, -3*b - l = -37314. What is the ten thousands digit of b?
1
Let p(y) be the first derivative of -2/3*y**3 - 29 + 10*y - 11/2*y**2 + 1/4*y**4. What is the units digit of p(5)?
0
Suppose -s + 6 = 0, -39*a + 42*a + 5*s = 72513. What is the hundreds digit of a?
1
Suppose 4*n = -3*l + 241 + 4783, n + 8335 = 5*l. Suppose 0 = 228*v - 222*v - l. What is the tens digit of v?
7
Suppose 1 = -3*w + 7, y = 3*w - 16. Let k be 2*(845/y + 3). Let x = k + 250. What is the units digit of x?
7
Suppose 5*p - 567*j - 297976 = -563*j, -p + 5*j = -59591. What is the thousands digit of p?
9
Let f(n) = -27*n**3 - 18*n**2 - 4*n + 91. What is the tens digit of f(-9)?
5
Suppose -17720 = -4*z - 4*d, 4418 = -0*z + z - 2*d. What is the units digit of z?
6
Let b(o) = o**2. Let p(u) = -5*u**2 - 5*u - 10. Let l(w) = -3*b(w) - p(w). Let s be l(-3). Suppose -4 = -2*x, 56 = k + s*x - 10*x. What is the tens digit of k?
5
Let o(s) = -11*s + 789. Let r be o(100). Let f(k) = -114*k + 4. Let a be f(-4). Let y = a + r. What is the tens digit of y?
4
Suppose 0 = -3*r - 4*k + 1, 3*k - 3 = -3*r - 0. Suppose 35 = m + i, 12 = r*i - 7*i. Suppose 44*s = m*s + 1188. What is the hundreds digit of s?
1
Let w(y) = -3*y**3 + 2*y**2 + 5*y - 2. Let m be w(-3). Suppose -4*o + q = -94, 6*o + 5*q - m = 3*o. What is the units digit of o?
4
Suppose 4743 = 4*p - 2*q + 87, -p + 1164 = 4*q. What is the units digit of p?
4
Suppose -4*q + 0*r + 18938 = -5*r, 23722 = 5*q + 2*r. What is the hundreds digit of q?
7
Suppose -m + 18394 = 4*v, 26*m = 3*v + 23*m - 13788. What is the hundreds digit of v?
5
Let s be 980 - ((-2)/12*0)/(-1). Suppose 0 = -3*x - c + s, -2*c = 2*c + 4. What is the units digit of x?
7
What is the hundreds digit of 43*113 + 1 + (-177 - -168)?
8
Let j = 9416 + 32500. What is the units digit of j?
6
Let b = 24 + -140. Let i = -6 + -7. Let x = i - b. What is the tens digit of x?
0
Let f = 8795 - 7049. What is the units digit of f?
6
Suppose c - 3*c - 4 = 0, 5*b + 4*c = 90147. What is the hundreds digit of b?
0
What is the tens digit of 8/(-284) - (-501888720)/13135?
1
Let d = 31873 - 14482. What is the tens digit of d?
9
Let k = 72 + -39. Suppose -k*o - 3244 = -37*o. What is the tens digit of o?
1
Suppose 70*q - 78103 - 1387500 = 833127. What is the tens digit of q?
3
Let m(p) = p**3 + 10*p**2 + 14*p - 13. Let w be m(-7). Let b = w - 20. Suppose -5*q = -7*q + b. What is the units digit of q?
8
Suppose 0 = 4*h + 76 - 80. What is the units digit of 2899/26*(1 + h)?
3
Suppose -23*j = 6*j + 30363. Let g = j - -2069. What is the units digit of g?
2
Let k = 27682 - -27751. What is the units digit of k?
3
Let h be 11 + 3/(18/(-48)). Suppose -h*u - 2904 = -3*o, -3875 = -6*o + 2*o + 3*u. What is the units digit of o?
1
Let m(l) = l**3 + 63*l**2 + 31*l + 670. What is the units digit of m(-61)?
1
Let w(v) = 281*v**2 + 119*v - 119. What is the hundreds digit of w(1)?
2
Let l be (-11 + -76)/(6/(-8)). What is the thousands digit of 0 + 2/(-8) + 122061/l?
1
Let a = -65 + -65. What is the units digit of (17836/a)/(1/(-5))?
6
Let y(v) = -5*v**3 - 186*v**2 - 132*v + 231. What is the hundreds digit of y(-42)?
1
Let d(w) = 40*w**2 + 5*w + 30. Suppose -21*f - 64 = 20. What is the tens digit of d(f)?
5
What is the thousands digit of 200/(-30)*((-4764)/24 + 11)?
1
Let u(r) = r**2 - 13*r - 23. Suppose 0 = 20*p - 23*p - 24. Let w be (p/(-12) - -1)/((-1)/(-9)). What is the units digit of u(w)?
7
Let b be ((-48)/(-10))/(141/45 - 3). Let r = -26 + b. What is the units digit of ((-6)/r + 1)/(2/380)?
6
Suppose 2*p - 16 = -z + 12, -2*p + 24 = -z. Suppose d - 5 = t, -d = 3*t + 3*d - p. What is the units digit of t/6 + ((-2058)/(-36))/7?
8
Suppose -69*c + 145925 = -4*c. What is the hundreds digit of c?
2
Let d = -32 + 34. Let y(t) be the first derivative of 3*t**3 + t**2/2 + 2*t + 27. What is the units digit of y(d)?
0
Suppose 4*o - 5*w - 4 = -w, 3*o + 3*w - 27 = 0. Suppose -o*u + 215 = -5*k, 3*k + k - 5*u = -174. Let h = -29 - k. What is the tens digit of h?
1
Suppose 0 = 3*y + 147 - 153. Let h(v) = -y*v + 311 + 70*v**2 + 123*v**2 - 312. What is the units digit of h(-1)?
4
What is the hundreds digit of 5/18*42/70 + 118342/84?
4
Let u be ((1600/(-15))/(-5))/((-2)/36). Let o = -176 - u. What is the hundreds digit of o?
2
Suppose -1 = -8*q - 1. Let u(k) = -7*k**3 + 3*k**2 + 3*k. Let i be u(-3). Suppose -6*o + 279 + i = q. What is the tens digit of o?
8
Let m be (-29 + 1)/4 + 2. Let u(y) = -y**3 - 2*y - 1. Let o be u(m). Suppose -6*c = -448 - o. What is the units digit of c?
7
Suppose 4*v = 2*i + 84, -62 - 1 = -3*v - 2*i. Suppose v*d - 20538 + 1575 = 0. What is the units digit of d?
3
Let x(r) = -r**2 - 21*r + 5. Let z be x(-21). Let k = -23 + 36. Suppose z*v = w - k, v + 41 + 106 = 4*w. What is the tens digit of w?
3
Let q(s) = s**3 - 3*s**2 - 2*s + 5. Let a be q(0). Suppose -4*y + 1774 = 4*k - 350, -a*k = -3*y - 2631. What is the hundreds digit of k?
5
Let p be 276 - (-2 - 0/(1 - 5)). Let q = p - 158. What is the hundreds digit of q?
1
Let s